. Let i be 182/10 - r/(-5). Let a = i + -10. What is the units digit of a?
8
Suppose 0 = -14*l + 3922 + 1174. What is the tens digit of l?
6
What is the units digit of (-4)/6*(3 - 42)?
6
Let w(b) = 1 - b**2 - b**3 - b - 2 + 13. Suppose -7*o = -9*o. What is the tens digit of w(o)?
1
What is the tens digit of 1795/35 + (-4)/14?
5
Let l(d) = -7*d + 38. What is the units digit of l(-16)?
0
Let i(s) = 2*s**2 - 5*s + 2. Let k be i(3). Suppose 0 = k*l, 2*n = -n + 4*l + 27. What is the units digit of n?
9
Suppose 0*p = -3*p - 2*x - 482, -x - 815 = 5*p. What is the tens digit of 1/(-4) - p/16?
1
Let o = 6 + -4. Suppose o*n = 4*q - 14 - 28, -4*q - 5*n = -21. What is the units digit of q?
9
Suppose 0 = 5*m - 0*m - 10, -m + 2 = 2*s. Suppose s = c - 4*c + w + 67, -w = -c + 25. What is the units digit of c?
1
Let y = 1 - -8. What is the units digit of y?
9
Suppose -4*f + 833 = 4*t + 153, -t = -2*f + 349. What is the hundreds digit of f?
1
Let x(d) = 5*d**2 + d - 1. Let i be x(1). Suppose -i*m = -m - 68. What is the units digit of m?
7
Let z(a) = 55*a + 3. What is the hundreds digit of z(2)?
1
Suppose 2*n + z - 27 = -n, -n - 5*z + 9 = 0. What is the units digit of n?
9
Suppose -j + 50 = j. Let y = -14 + j. What is the tens digit of y?
1
Let m(o) = -o**2 + 11*o + 6. What is the units digit of m(11)?
6
Suppose -3*o - 3*q = -549, o - 2*q - 13 = 167. What is the units digit of o?
2
Suppose -i = 2*t - 89, 5*i - t - 351 = 83. What is the units digit of i?
7
Let v be (-34)/(-3) - (-2)/(-6). Suppose 1 = 3*j - v. Suppose 5 = 5*b - j*b. What is the units digit of b?
5
Let k = 135 - 95. What is the units digit of k?
0
What is the tens digit of (33/(-22))/((-2)/60)?
4
Let l = -5 - -7. Suppose -3 - 5 = -l*k. Suppose p - 25 = -4*g, k*g - 39 = -4*p + 49. What is the tens digit of p?
2
Let z = 6 - -175. What is the units digit of z?
1
Let y = -7 + -4. Suppose 0*w - 4*w + 64 = 0. Let v = y + w. What is the units digit of v?
5
Suppose -3*j - 4*p + p = -72, -3*j + 76 = -p. What is the tens digit of j?
2
Suppose 2*s = 5*z - 105, 21 = z - 0*z + 3*s. Suppose -3*r + z = -0*r. What is the units digit of r?
7
What is the units digit of (3/1)/((27/(-84))/(-3))?
8
Let p = -12 - -16. Suppose -p*h - 34 = -110. What is the tens digit of h?
1
Suppose -4*n + 78 + 102 = 0. What is the units digit of n?
5
Suppose 2*c - 7*c = -15. Suppose 0 = c*g - 8*g. Suppose 5*v - 5 = -w + 14, -2*v + 3*w - 6 = g. What is the units digit of v?
3
Let r = -609 + 333. What is the tens digit of r/(-14) - 4/(-14)?
2
Let u = -6 + 14. Let k = 3 + u. What is the units digit of k?
1
Suppose 2*b - 2*w = 60, 4*b + 2*w - 43 = 107. What is the units digit of b?
5
Let x(j) = -4 - 7*j - 3 + 4. Suppose 0*s = -4*s - 8. What is the units digit of x(s)?
1
Let u = -16 - -35. Let h = 34 - u. What is the tens digit of h?
1
Let n(v) = v**2 - 8*v - 3. Let s be n(9). Suppose -64 = 2*i - s*i. What is the units digit of i?
6
Suppose 0*i - 51 = -2*i + t, 0 = -5*i - 4*t + 134. What is the tens digit of i?
2
Suppose 4*k - n = 11, -4*k + 0*k + 3*n = -9. Let t(z) = 7*z - 4. What is the units digit of t(k)?
7
Let y(w) be the first derivative of w**3/3 + w**2 - w - 3. What is the units digit of y(-3)?
2
Let q(k) = -k**3 + 5*k**2 + k - 5. Let m be q(5). Suppose w - j + 0*j - 26 = 0, 2*w + j - 61 = m. Suppose 3*n - 4 = w. What is the tens digit of n?
1
Let t be ((-2)/(-5))/(2/10). Suppose 2*y = -t - 2, -2*y + 26 = 5*j. Let a = 11 - j. What is the units digit of a?
5
Suppose 3*g + w - 21 = -0*w, -9 = -3*g - 5*w. What is the units digit of g?
8
Let x(w) = w**2 - w - 1. Let c be x(-1). What is the units digit of (5 + -6)/(c/(-3))?
3
Let a be -1*-3*20/(-6). Let h = 13 + a. What is the units digit of h?
3
Let p be -12*(1 + (-4)/8). Let k = p + 15. What is the units digit of k?
9
Suppose -4*j - 16 = 0, -i - 5*j = -j - 87. What is the units digit of i?
3
Let c be (-36)/2 + 5 + -5. Let k be c/3*(-3)/2. Let l = -2 + k. What is the units digit of l?
7
Let i(b) be the third derivative of -b**6/120 + b**5/20 + b**4/4 - b**3/2 - b**2. Suppose 6*f - 4*f = 8. What is the units digit of i(f)?
5
Suppose 6 = -5*q - 4. Let v = q + 5. What is the units digit of v?
3
Let b(v) = v**2 + v. Let k(n) = -6*n**2 - 7*n. Let q(m) = 4*b(m) + k(m). Let x be q(-3). What is the tens digit of ((-20)/6)/(3/x)?
1
Let p = -519 + 825. What is the hundreds digit of p?
3
Let w be 14/4*16/28. Suppose 1 = 3*u - w*u. What is the units digit of u?
1
Let i(w) = w**3 - 2*w**2 + w. Let s be i(2). Suppose 2*m + 0*n + 4 = s*n, 8 = 2*m + 2*n. Suppose -2*r = -3 + m. What is the units digit of r?
1
Suppose 7 = -3*k - 2. Let s = 13 - 8. Let i = k + s. What is the units digit of i?
2
Let o = -28 - -49. Suppose 3*s - 43 = 44. Let p = s - o. What is the units digit of p?
8
Let p be (2 - (-14)/(-6))*-12. Suppose -p*m + 60 = -60. What is the units digit of m?
0
Let o(y) = 63*y - 1. Let j be o(1). Let b = j + -18. What is the units digit of b?
4
Let a be (-6)/9*(-3)/2. Let y = a - -23. What is the units digit of y?
4
Suppose -2*c = -3*m + 204, 4*c + 18 + 60 = m. What is the units digit of m?
6
Let v = 151 + -99. What is the units digit of v?
2
Suppose 31 = 3*g + 5*a, -g - 3 - 15 = -4*a. Suppose 12 = i + g*i. Suppose 0 = -3*o + 2*l + 13, -l - i*l + 30 = 5*o. What is the units digit of o?
5
Suppose 2*u + 10 = 7*u. Suppose 4*k - 4*j = 140, 0*k + j = u*k - 66. What is the tens digit of k?
3
Let p(j) = j**3 - 4*j**2 - 4*j + 1. Let s be p(5). Suppose -5*n - 5*i + 29 + 11 = 0, -3*n + 4*i = -10. What is the units digit of s/(-4)*-1*n?
9
Let q(i) = 2*i**3 - i**3 + 2*i**2 - 3*i + 3 - i**2. What is the units digit of q(2)?
9
Let n = -7 + 13. Suppose -2*s = -n, 4*k - 4*s - 50 = -6*s. What is the tens digit of k?
1
Let r = 0 + 1. Suppose -3*a - 7 = -j + 5, -29 = -3*j + 2*a. Let l = j - r. What is the units digit of l?
8
Suppose -4*j + q + 100 = -73, -j + 5*q + 67 = 0. Suppose -10 = -2*w - 3*r, 0 = -2*w - 3*r + 8*r + j. What is the units digit of w?
1
Let g = 18 - 11. Let n(r) = 12*r - 4*r - 3 + 3*r**2 - 4*r**2. What is the units digit of n(g)?
4
Let g be -4*(-1 - 1/(-2)). Suppose -g*k + 0*k = -2, 0 = -5*u - 4*k + 9. What is the units digit of u?
1
Suppose 3*o + 2 = -1. Let u(x) = -5*x + 14*x - 10*x - 5*x**3. What is the units digit of u(o)?
6
Let l = -4 - -7. Suppose l*p - 5*p + 4 = 0. Suppose -c + 7 = p. What is the units digit of c?
5
Let q(f) = -f**3 + 5*f**2 + 8*f + 1. Let d be (-315)/(-49) + (-6)/14. What is the units digit of q(d)?
3
What is the tens digit of ((1*300)/(-3))/(-2)?
5
Suppose -12*f + 1315 - 175 = 0. What is the units digit of f?
5
Suppose -131 = -2*n - 13. What is the units digit of n?
9
Let c(i) = 2*i + 2 + 0 - 3. Let o be c(3). Let k = o - -2. What is the units digit of k?
7
Let g be ((-1)/2)/((-1)/4). Let d = g + 0. What is the units digit of d?
2
Suppose -2*r - 3*r + 10 = 0. What is the units digit of r?
2
Let n(b) = -8*b**3 - 2*b**2 - 2*b + 1. What is the tens digit of n(-2)?
6
Let z = -2 + 2. Suppose z*j - 5*j + 30 = 0. What is the units digit of j?
6
Suppose -4 = -2*i, -d = -2*d + 2*i + 60. What is the units digit of d?
4
Suppose z = 49 - 23. What is the units digit of z?
6
Suppose 15 = -5*x + 40. Suppose 6*q - x*u - 51 = 2*q, 5*q - 90 = u. What is the units digit of q?
9
Let m be (3 - 18)/((-2)/2). Suppose t - m = -2*t. Suppose -5*r + 38 + 82 = t*s, -2*s = 5*r - 60. What is the tens digit of s?
2
Suppose -73 = n + m, 6*m - m - 179 = 3*n. Let y be 2/(-3) - n/12. Suppose -k + y = 1. What is the units digit of k?
4
What is the units digit of 3 - (3/2 + (-585)/2)?
4
Suppose 5*x + 50 = 4*f - 35, 2*x - 5 = -f. Suppose f = u - 5. What is the tens digit of u?
2
Suppose -4*k + 7 = -5*y, 0*k - 17 = k - 5*y. Suppose -2*f + m = -3, -3*m + k*m - 9 = 4*f. Suppose f*x = 4, 2*x = -0*c + c - 3. What is the units digit of c?
5
Let t = 12 - 8. What is the units digit of t?
4
Let b = -11 - 13. What is the units digit of (-6)/(-8) - 6/b?
1
Let a be (-7)/(42/4)*-3. Suppose 51 = 2*q + 5*m, q - a*m - 66 = -3*q. What is the units digit of q?
8
What is the units digit of (-8 + 13)*(-43)/10*-2?
3
Suppose 3*n - 7 + 1 = 0. Suppose -n = -a + 1. What is the units digit of a?
3
Suppose -w = -3*w. Suppose -a + 3 = -w*a. Suppose a*d = 2 + 16. What is the units digit of d?
6
Suppose 4 = 5*f - 1. What is the units d